{"id":503,"date":"2023-10-03T16:06:58","date_gmt":"2023-10-03T16:06:58","guid":{"rendered":"https:\/\/successing.de\/?page_id=503"},"modified":"2023-10-21T19:48:33","modified_gmt":"2023-10-21T19:48:33","slug":"imprint","status":"publish","type":"page","link":"https:\/\/successing.de\/?page_id=503","title":{"rendered":"Impressum"},"content":{"rendered":"\n<p>BusinessLister<\/p>\n\n\n\n<p>Ein Produkt von p\u00f6rtner consulting<br>Im Bruch 31<br>56414 Hundsangen<br>Deutschland<\/p>\n\n\n\n<p>Telefon: 06435 \/ 5480251<br>E-Mail: <a href=\"mailto:contact@businesslister.info\">contact@businesslister.info<\/a><br>Internet: <a href=\"https:\/\/www.businesslister.info\">https:\/\/www.businesslister.info<\/a><\/p>\n\n\n\n<p>Inhaber: Andreas P\u00f6rtner, MSc. New Media Management<br>UStID: DE221963649<\/p>\n\n\n\n<p>Copyright \u00a9 2001-2023 p\u00f6rtner consulting. Alle Rechte vorbehalten.<\/p>\n\n\n\n<p>Dokumente, Grafiken, Software und Quelltexte, die Bestandteile dieser Website darstellen und von diesem Server heruntergeladen werden k\u00f6nnen, sind urheberrechtlich f\u00fcr die p\u00f6rtner consulting gesch\u00fctzt. Sofern nicht anders vermerkt, bed\u00fcrfen die Verwendung, Reproduktion und Weitergabe dieser Dokumente, Grafiken und Software der schriftlichen Genehmigung der p\u00f6rtner consulting.<\/p>\n\n\n\n<p><strong>Haftung f\u00fcr Links<\/strong><\/p>\n\n\n\n<p>Mit Urteil vom 12. Mai 1998 \u2013 312 O 85\/98 \u2013 \u201cHaftung f\u00fcr Links\u201d hat das Landgericht Hamburg entschieden, dass man durch die Ausbringung eines Links die Inhalte der gelinkten Seite ggf. mitzuverantworten hat. Dies kann \u2013 so das LG \u2013 nur dadurch verhindert werden, dass man sich ausdr\u00fccklich von diesen Inhalten distanziert. Wir distanzieren uns hiermit ausdr\u00fccklich von allen Inhalten aller gelinkten Seiten auf unserer Website, die nicht im Rahmen der Domain betrieben werden und machen uns ihre Inhalte nicht zueigen.<\/p>\n","protected":false},"excerpt":{"rendered":"<p>BusinessLister Ein Produkt von p\u00f6rtner consultingIm Bruch 3156414 HundsangenDeutschland Telefon: 06435 \/ 5480251E-Mail: contact@businesslister.infoInternet: https:\/\/www.businesslister.info Inhaber: Andreas P\u00f6rtner, MSc. New Media ManagementUStID: DE221963649 Copyright \u00a9 2001-2023 p\u00f6rtner consulting. Alle Rechte vorbehalten. Dokumente, Grafiken, Software und Quelltexte, die Bestandteile dieser Website darstellen und von diesem Server heruntergeladen werden k\u00f6nnen, sind urheberrechtlich f\u00fcr die p\u00f6rtner consulting gesch\u00fctzt. [&hellip;]<\/p>\n","protected":false},"author":1,"featured_media":0,"parent":0,"menu_order":0,"comment_status":"closed","ping_status":"closed","template":"","meta":{"footnotes":""},"class_list":["post-503","page","type-page","status-publish","hentry"],"_links":{"self":[{"href":"https:\/\/successing.de\/index.php?rest_route=\/wp\/v2\/pages\/503","targetHints":{"allow":["GET"]}}],"collection":[{"href":"https:\/\/successing.de\/index.php?rest_route=\/wp\/v2\/pages"}],"about":[{"href":"https:\/\/successing.de\/index.php?rest_route=\/wp\/v2\/types\/page"}],"author":[{"embeddable":true,"href":"https:\/\/successing.de\/index.php?rest_route=\/wp\/v2\/users\/1"}],"replies":[{"embeddable":true,"href":"https:\/\/successing.de\/index.php?rest_route=%2Fwp%2Fv2%2Fcomments&post=503"}],"version-history":[{"count":3,"href":"https:\/\/successing.de\/index.php?rest_route=\/wp\/v2\/pages\/503\/revisions"}],"predecessor-version":[{"id":544,"href":"https:\/\/successing.de\/index.php?rest_route=\/wp\/v2\/pages\/503\/revisions\/544"}],"wp:attachment":[{"href":"https:\/\/successing.de\/index.php?rest_route=%2Fwp%2Fv2%2Fmedia&parent=503"}],"curies":[{"name":"wp","href":"https:\/\/api.w.org\/{rel}","templated":true}]}}